 is divided by 1/q - 2977/(-52).
45
Calculate the remainder when 362 is divided by -6 - ((-164)/10 + -14 + (-576)/(-40)).
2
Suppose -41 = -4*f + 27. Suppose 220 = 6*p - 236. Let u = -11 + p. Calculate the remainder when u is divided by f.
14
Let x = -14810 + 29166. Calculate the remainder when x is divided by 173.
170
What is the remainder when 148870/210 + 6*2/126 is divided by 51?
46
Suppose -p = 5 + 5. Let q(n) = n**2 + 9*n + 22. What is the remainder when q(p) is divided by 20?
12
Let b = -87 - -384. Suppose -5*m - u + 471 = 0, 3*m - b = 4*u - u. Calculate the remainder when m is divided by 25.
20
Suppose -120*u + 76*u = -77*u + 1254. What is the remainder when 1424 is divided by u?
18
Let t = 5171 - 2185. What is the remainder when t is divided by 103?
102
Let y = 2390 + -116. What is the remainder when y is divided by 69?
66
Suppose -3*k + 73 = -83. Suppose k = -4*r - 32. Calculate the remainder when 17 is divided by ((-66)/4)/3*42/r.
6
Let i(c) = 14*c**2 - 37*c - 40. Calculate the remainder when 4474 is divided by i(-1).
8
Let f = 747 + -631. Calculate the remainder when 796 is divided by f.
100
Let f(j) = -2*j**3 - 15*j**2 - 7*j. Let v be f(-7). Suppose 5*t - 4*d = 272, v = 3*t - d - 90 - 76. Calculate the remainder when t is divided by 22.
12
Calculate the remainder when 351 is divided by 718/12 - (153/(-2754))/(1/(-15)).
56
Suppose 0 = -z - 3, -5*o - 6*z + 8*z + 396 = 0. Suppose 4*t = -q + 16, -5*t + 14 = -4*q + o. Calculate the remainder when 59 is divided by q.
11
Let u be (1 + 1)*1*555/30. Let h = -11 + u. What is the remainder when h is divided by 11?
4
Let a = 123 - 51. Suppose a*n + 455 = 85*n. Calculate the remainder when 84 is divided by n.
14
Suppose 2*u + 0 = -12. Let h(l) = -19*l - 9. Suppose 4*v + 4*o - 116 = 0, -5*o = -3*v + 59 + 12. Calculate the remainder when h(u) is divided by v.
24
Let a(h) = -2*h**2 - 5*h + 4. Let b be a(-4). Suppose -4*y - 41 - 95 = 0. Let x = b - y. Calculate the remainder when 48 is divided by x.
22
Let g = -645 + 651. Calculate the remainder when 1875/g - 7*5/70 is divided by 35.
32
Let g = 356 - 252. Calculate the remainder when 115/(130/g + (-1)/4) is divided by 29.
28
Suppose -4*y + 1660 = 4*h, 2*h = -y + 688 - 278. Let u = -352 + y. What is the remainder when 95 is divided by u?
27
Suppose -130 = -4*a + 118. Suppose 0 = -7*l - 56 + 84. Suppose l*d - 100 = -4*m, 4*m + 68 = 4*d - 0*m. What is the remainder when a is divided by d?
20
Let t = 12 - -7. Let a be ((-4)/(-2))/(-2) + 1. Suppose a*f = -f + t. Calculate the remainder when 55 is divided by f.
17
Suppose 4400 = -8*t - 2*t. Let q(l) = l**2 + 7*l - 11. What is the remainder when (-4580)/(-22) + 80/t is divided by q(-10)?
18
Suppose 42*l - 3054 + 1127 = l. Let o(r) = 1 - 3*r + 140*r**2 + 4*r - 3*r. What is the remainder when o(1) is divided by l?
45
Let h = -9378 + 15019. Calculate the remainder when h is divided by 182.
181
Suppose -14*u - 228222 = -137*u - 63*u. Calculate the remainder when u is divided by 102.
3
Suppose -5*l + 3*v = -1040, -3*l + 2*v = 751 - 1376. What is the remainder when 208 is divided by l?
3
Let b be 86336/(-16) - (2 - (-2 - -2)). Calculate the remainder when (b/104 - 36/(-234))*-4 is divided by 52.
51
Let i(l) = l**2 + 61*l + 877. What is the remainder when 1295 is divided by i(-15)?
173
Let v = 4929 - 4156. What is the remainder when v is divided by 33?
14
Suppose 4*x + 3 + 1 = 4*p, -p + 3*x - 5 = 0. Calculate the remainder when 29 is divided by p.
1
Suppose -16*u + 1085 = -9*u. Let i = 233 - u. Calculate the remainder when i is divided by (-86)/(-3) + 2/6.
20
Let v = -156 + 379. Calculate the remainder when 460 is divided by v.
14
Let x be (-4)/6*(-3 + (5 - 5)). Suppose x*n + 27 - 81 = 0. What is the remainder when n is divided by 16?
11
Suppose -17576 + 15634 = -147*q + 28193. What is the remainder when 400 is divided by q?
195
Suppose 18 + 14 = 8*r. Suppose -m + 17 = -3*w - 5, r*w = -m + 50. Suppose -10*a = -m - 6. Calculate the remainder when 16 is divided by a.
0
Suppose q - 5*m = -2*q + 157, 5*q = -4*m + 311. Let i(z) = z**3 - 11*z**2 + 87*z - 670. Calculate the remainder when i(11) is divided by q.
51
Let s(p) = 33 - 3*p - 13*p + 18*p. Calculate the remainder when s(3) is divided by 25.
14
Let y(s) = 2*s**2 + 4*s - 5. Let j(f) = -33*f**3 + 6*f**2 + 4*f. Let k be j(-2). Suppose 11*m + 3*m = k. Calculate the remainder when m is divided by y(-4).
9
Let v(m) = 3*m**3 + m**2 - m. Let z(q) = 17*q**3 - 3*q**2 - 24*q - 13. Let g(h) = 6*v(h) - z(h). Calculate the remainder when 57 is divided by g(-6).
5
Suppose -5*a - 2*v = -8276, 5*v = 4*a - 4473 - 2128. Suppose 0 = -9*j + 4493 + a. What is the remainder when j is divided by 9?
8
Let f(h) = -h**2 - 18*h + 10. Suppose -9*t = -11*t + 430. Calculate the remainder when t is divided by f(-15).
50
Let o(s) = -10*s + 7. Let u(k) = 6 + 0 + 4 - 1 - 47*k. Calculate the remainder when u(-2) is divided by o(-2).
22
Suppose -2*m = -4*m + 120. Suppose 32 = -z + 5*z, -z + 106 = 2*h. What is the remainder when m is divided by h?
11
Suppose 6573*d - 6580*d = -133. What is the remainder when 1763 is divided by d?
15
Suppose -20*o + 16 = -18*o, -1358 = -2*c - o. What is the remainder when c is divided by 62?
55
Let u(n) = -8*n + 9. Calculate the remainder when u(-17) is divided by 121.
24
Let i be ((-3558)/(-18))/(3/9). Let f be (-18)/(-45) - i/(-5). Suppose 0 = 6*r - 13*r + f. What is the remainder when r is divided by 11?
6
Let b(s) = 2*s**3 - 3*s**2 - 12*s - 13. Let j be -9 + 22 - -2 - 9. What is the remainder when b(j) is divided by 16?
15
Suppose -1147*k + 1103*k = -13244. What is the remainder when k is divided by 152?
149
Let x(p) = -30*p. Let i(k) = 3*k - 266. What is the remainder when x(-4) is divided by i(97)?
20
Let v(g) = -g**2 + 4*g + 39. Let h be v(-5). Calculate the remainder when 35 is divided by 1512/(-42)*(-2 + h/(-4)).
17
Let l(u) = -21*u - 30. Calculate the remainder when l(-9) is divided by ((-27)/12 + 8)*4.
21
Let s(x) = -53*x + 1. Let g be s(3). Suppose 0 = 4*l - 494 - 646. Let a = g + l. What is the remainder when a is divided by 43?
41
Suppose -9 = -4*z - 105. Let b be (z/(-10) - 2) + 5046/10. Suppose -27*w + 32*w = b. What is the remainder when w is divided by 13?
10
Let q = -33 + 48. Suppose z - 20 = -5*u, -27 = 4*z - 7. Suppose 5*i = -h - 0 - 21, -2*i = -u*h + 30. Calculate the remainder when q is divided by h.
3
Let g(y) = -y**3 + 21*y**2 + 27*y + 95. Calculate the remainder when g(22) is divided by 160.
45
Suppose 5*s = -4*h + 35, 2*s - 3*h = 4*s - 14. Let c(u) = 2*u + 8. Let g be c(0). Suppose -248 + 88 = -g*l. Calculate the remainder when l is divided by s.
6
Suppose 0 = 4*w + 28*b - 25*b - 7895, 2*w - 3943 = -b. What is the remainder when w is divided by 653?
8
Let c = 229 + -197. Suppose w + 3*l = c, -6*w + l = -5*w - 16. What is the remainder when 38 is divided by w?
18
Let u = 7514 + -7496. What is the remainder when 627 is divided by u?
15
Let d be ((2 - -2)/4)/1. Suppose 3*j - 260 = -5*v - 76, -d = v. Suppose j = i - 5*l, 2*i - 5*l - 96 - 20 = 0. What is the remainder when i is divided by 27?
26
Suppose 75*i - 87200 = -29*i - 5*i. Calculate the remainder when i is divided by 117.
98
Let x(h) = 11*h + 215. Let k be x(-20). What is the remainder when (142/5)/((-1)/k) is divided by 12?
10
Suppose 27 = 3*q - 15. Let f be 10/1*(-4 - 132/30). Let s = f - -111. Calculate the remainder when s is divided by q.
13
Suppose 89*b - 24600 = -11*b. What is the remainder when b is divided by 227?
19
Let y(i) = -11*i**2 + 5*i + 1. Let p be y(-2). Let q = p + 46. What is the remainder when 58 is divided by -3 + (q - -6 - (-25 - -1))?
18
Suppose 56*c = -278 + 14683 + 25075. Calculate the remainder when c is divided by 349.
7
Let r = 492 + -316. Let h = r - 93. Suppose -12*m + 45 = -123. What is the remainder when h is divided by m?
13
Suppose -3*z - 3*v + 405 = 2*v, z = -4*v + 142. What is the remainder when z is divided by 22?
20
Let q(l) = 11*l - 87. Calculate the remainder when q(12) is divided by ((-6)/(-4))/(58/464).
9
Let p(u) = 17*u**2 + 64*u + 186. What is the remainder when 435 is divided by p(-3)?
141
Let a be 7/1 - (29 - 22). Suppose a = 544*m - 553*m + 927. Calculate the remainder when m is divided by 8.
7
Let u(p) be the third derivative of p**5